212
Convert 100101010011101001110111 (base 2) to base 8.
45235167
Convert -100103320 (base 4) to base 13.
-24541
Convert -1310333131 (base 4) to base 10.
-479197
What is 1110202 (base 4) in base 12?
316a
Convert -20621 (base 7) to base 5.
-130421
What is 3d048 (base 16) in base 10?
249928
Convert 20b17 (base 15) to base 12.
50057
Convert 32302333020 (base 4) to base 11.
220a273
What is -10032322 (base 5) in base 13?
-2a74a
-1110012012220 (base 3) to base 15
-103896
Convert -1012211002201 (base 3) to base 11.
-401363
What is 1121313 (base 9) in base 4?
2103212310
What is 85f2 (base 16) in base 6?
422430
What is -1524642 (base 7) in base 11?
-132457
16563 (base 12) to base 5
2010044
Convert 3aa8a2 (base 11) to base 5.
131101303
272567 (base 8) to base 2
10111010101110111
What is -2526703 (base 9) in base 16?
-14ffc1
What is -3416152 (base 7) in base 5?
-102042340
What is 3b93a (base 13) in base 9?
178750
-1501a (base 15) to base 2
-10000011111000101
2490464 (base 12) to base 8
33225614
Convert -5c7200 (base 14) to base 3.
-12222001000202
What is -41100044 (base 5) in base 3?
-121211102102
Convert -11011111000100010 (base 2) to base 11.
-78898
Convert 334623 (base 7) to base 14.
17883
What is -301413 (base 8) in base 10?
-99083
What is 10414211 (base 5) in base 3?
11122221020
What is -1bc2a0 (base 13) in base 11?
-447182
1014502304 (base 6) to base 11
5a79748
What is -5943a (base 16) in base 3?
-200120112201
What is 514200 (base 9) in base 6?
10311300
What is 30021453 (base 7) in base 12?
9b4a60
What is b496 (base 14) in base 16?
797c
What is 10110201100120 (base 3) in base 14?
360352
What is -662ca4 (base 14) in base 6?
-202135344
What is 856b42 (base 12) in base 16?
2023e2
Convert 155316 (base 14) to base 13.
200998
-a0113 (base 11) to base 8
-436161
-2314033203 (base 5) to base 16
-4faabd
What is -56465 (base 12) in base 4?
-130000031
What is -1011100111110000 (base 2) in base 8?
-134760
Convert -1bb535 (base 12) to base 7.
-4136045
What is 79a128 (base 13) in base 2?
1010111110101101000001
What is 41223310 (base 5) in base 6?
11111532
Convert -11000101111111011011000 (base 2) to base 14.
-c0c4c0
Convert 200601 (base 8) to base 3.
10100102112
What is -201120111200222 (base 3) in base 13?
-2202bc0
Convert -11110111001011001 (base 2) to base 10.
-126553
Convert 487896 (base 12) to base 8.
4366062
102205511 (base 6) to base 4
12310330303
What is -20202011122 (base 3) in base 16?
-206c3
-2615077 (base 8) to base 11
-457739
57307 (base 8) to base 14
8bb1
-101120000111 (base 3) to base 10
-207778
7025b5 (base 12) to base 4
12222103121
Convert -101000100110100001101 (base 2) to base 14.
-268bdb
What is -3bca5 (base 14) in base 12?
-71735
270a5 (base 16) to base 15
325a9
Convert 3243272 (base 8) to base 7.
10252442
Convert -11107e (base 15) to base 12.
-332932
11e381 (base 15) to base 16
d17be
-1515513 (base 6) to base 9
-143760
What is 152759 (base 11) in base 14?
6295b
What is 12010301330 (base 4) in base 2?
110000100110001111100
-b8382 (base 16) to base 8
-2701602
What is -1312330101 (base 4) in base 11?
-303036
What is 11773 (base 14) in base 12?
20809
Convert -2311404334 (base 5) to base 4.
-103301313021
-110001011110010110 (base 2) to base 6
-4202102
Convert -2601201 (base 8) to base 13.
-1c355b
What is 111110101100101110 (base 2) in base 3?
111001021122
Convert -109475 (base 15) to base 6.
-24540532
Convert -135fb7 (base 16) to base 2.
-100110101111110110111
What is ea3d60 (base 15) in base 16?
aa2530
-1304130440 (base 5) to base 12
-109b6b8
Convert 874089 (base 11) to base 9.
2557342
Convert -20de2c (base 15) to base 11.
-97a470
What is 6815 (base 10) in base 4?
1222133
Convert -87417 (base 10) to base 8.
-252571
Convert 2912661 (base 11) to base 6.
255221325
What is 1002202010010 (base 3) in base 7?
4655625
-60cb02 (base 16) to base 7
-104626645
Convert -18322720 (base 9) to base 12.
-310b709
Convert -109390 (base 13) to base 16.
-5fa0a
Convert -21863510 (base 9) to base 8.
-50366032
33370730 (base 8) to base 12
24b5908
4785569 (base 11) to base 13
195c287
-1123300012 (base 4) to base 7
-3123445
2202011100120 (base 3) to base 16
164604
10232026 (base 7) to base 12
35874a
What is 1dadd (base 16) in base 2?
11101101011011101
What is -5395665 (base 10) in base 3?
-101011010110110
Convert 130442222 (base 5) to base 13.
1955aa
Convert -345a5 (base 11) to base 7.
-265451
What is 10011000111110100101 (base 2) in base 9?
1154468
50868 (base 16) to base 11
205898
58352 (base 10) to base 13
20738
Convert 332920 (base 12) to base 4.
3012212220
Convert 2687534 (base 9) to base 13.
3c8602
What is -113243412 (base 5) in base 12?
-2138a1
What is -302b39 (base 14) in base 11?
-a08009
Convert 30235261 (base 7) to base 16.
265996
What is -18072 (base 9) in base 4?
-3002222
-1141532 (base 7) to base 6
-3033435
Convert -5432247 (base 8) to base 9.
-2657227
-36c504 (base 14) to base 2
-111001010011101111000
What is -100101100111001010100 (base 2) in base 11?
-771a76
Convert 33201100222 (base 4) to base 7.
46403131
-25639b5 (base 13) to base 11
-6664719
What is 2142251 (base 6) in base 15?
219a7
Convert -461b92 (base 13) to base 11.
-a3479a
Convert -334261 (base 10) to base 9.
-558461
Convert -124e93 (base 15) to base 14.
-18ba85
-794561 (base 10) to base 16
-c1fc1
Convert a37b6 (base 16) to base 15.
d3617
Convert 10111001010000000 (base 2) to base 9.
154086
What is -11401123130 (base 5) in base 9?
-27023407
What is -3752472 (base 11) in base 5?
-3132042340
-12102012202021 (base 3) to base 10
-2877910
Convert -155388 (base 10) to base 4.
-211323330
-130125102 (base 6) to base 2
-1001101001111001011110
-69245b (base 13) to base 9
-4614514
What is 6317301 (base 10) in base 7?
104460534
744541 (base 12) to base 5
432114244
Convert -1342 (base 16) to base 2.
-1001101000010
-11111011011010000101011 (base 2) to base 11
-4717473
26b543 (base 13) to base 10
939019
What is 634512 (base 7) in base 3?
12120102220
What is 6555808 (base 9) in base 11?
1a95417
What is 3300323032 (base 4) in base 3?
1212010200021
Convert -545252 (base 6) to base 7.
-245630
-6d95da (base 16) to base 2
-11011011001010111011010
Convert -11513032 (base 6) to base 8.
-1315514
What is 1127365 (base 10) in base 8?
4231705
What is 1542c7 (base 13) in base 2?
1111111110001111011
What is 35240334 (base 7) in base 9?
5747450
What is 20848 (base 10) in base 5?
1131343
-11242125 (base 7) to base 13
-28654b
Convert 100101011100111001 (base 2) to base 12.
74935
Convert 6c93c (base 14) to base 5.
31441432
What is 345a635 (base 12) in base 3?
200221212111112
162400 (base 10) to base 3
22020202211
Convert -17a274 (base 15) to base 2.
-100011000010010011011
Convert 3ba16 (base 14) to base 11.
a0831
Convert af0b (base 16) to base 7.
244434
-3442012343 (base 5) to base 15
-a36333
What is be42 (base 15) in base 5?
2242322
Convert 7bb2ad (base 14) to base 13.
b48c02
Convert 31403100 (base 6) to base 10.
918252
Convert -3311302 (base 7) to base 12.
-177131
Convert 11444a (base 12) to base 15.
57194
What is -83c79 (base 14) in base 6?
-10452151
2121000020 (base 3) to base 9
77006
Convert 58a9804 (base 11) to base 14.
1523966
-10001001001110 (base 2) to base 5
-240112
111002431 (base 5) to base 7
4056145
36471777 (base 8) to base 5
4023300322
Convert -12210120221000 (base 3) to base 9.
-5716830
What is 101222302 (base 4) in base 14?
1c534
What is -189145 (base 14) in base 12?
-35b649
Convert -1402004132 (base 5) to base 3.
-20200020010211
-640016 (base 7) to base 6
-2211215
1222749 (base 10) to base 8
4524135
4799b (base 16) to base 6
10141431
What is 54434 (base 6) in base 3?
101022011
What is 12044 (base 12) in base 8?
57264
What is -506121 (base 7) in base 12?
-41a39
What is 1d3d9 (base 14) in base 15?
172b2
Convert -14527 (base 10) to base 14.
-5419
-202321013200 (base 4) to base 11
-5188187
-1561527 (base 9) to base 4
-3103232023
-323222254 (base 6) to base 3
-101211111121221
Convert -20211222101 (base 3) to base 8.
-407300
-25938 (base 14) to base 16
-168ce
-151254503 (base 6) to base 4
-30000303213
What is -3126106 (base 9) in base 2?
-110010111111100101011
Convert -1756620 (base 10) to base 14.
-33a24c
Convert 11201222 (base 3) to base 2.
110101111111
What is 644411 (base 8) in base 5?
23342210
Convert 24035